3)) + (7 - 7)?
-6
Evaluate (-1 - 2) + (5 - (3 + 0)).
-1
What is the value of 11 - (10 - (-11 + 12))?
2
0 - -2 - (11 + (-5 - -2))
-6
Evaluate (-1 - 0) + -34 + 16 + 13.
-6
Calculate (-4 - -7 - 3) + -4.
-4
6 - -4 - 5 - 4
1
What is the value of -2 + (-1 - -1) + -3?
-5
(-6 - 7 - -8) + (5 - 0)
0
What is -6 + 5 + (-14 - -7 - 0)?
-8
What is 20 - 17 - (-1 + 2)?
2
Evaluate -12 + 6 + -7 - -6.
-7
What is (-8 - (-1 + -2)) + 3 + 0?
-2
Evaluate 10 + -9 + 2 - (4 - 1).
0
What is -1 + 0 + 3 - (0 - 1)?
3
What is 7 + -7 + (1 - -6) + -5?
2
Evaluate 9 + 7 + -5 + -9.
2
25 - 17 - (1 - -2)
5
0 + (-6 - -2) - 1
-5
What is the value of -8 + (4 - 7 - 2) + 8?
-5
Evaluate -1 - -5 - (6 - (3 - 2)).
-1
Evaluate -5 - (0 + 0 + 22 + -28).
1
Evaluate (4 - 1) + -1 + (11 - 8).
5
2 + (7 - (5 - -2))
2
4 + (-7 - -3 - 0)
0
What is the value of (-16 - -22) + (-3 - 0)?
3
What is (16 - 12) + (1 + 0 - 6)?
-1
-6 + 2 + 6 + -6
-4
Calculate -5 - -3 - (-16 - (3 - 8)).
9
What is 6 + 1 + (-2 - -1) + -5?
1
What is 0 + 1 - (14 + -18) - 5?
0
What is 3 - (12 + -2) - -3?
-4
What is the value of -13 + 9 + 2 + -1?
-3
7 + -4 + (-6 - (0 + -4))
1
Calculate (-1 - -2) + (2 - -9) + -20.
-8
What is the value of 6 + -2 + 12 + -9?
7
Calculate 2 + 4 + -10 + (9 - 0).
5
What is (-2 - (-4 - 1)) + -6?
-3
-9 - (1 - (4 - -2))
-4
What is 9 - (6 + 5 - -3)?
-5
Calculate 0 + 2 + (20 - 16).
6
Evaluate -2 + 6 + -5 + 4.
3
Calculate 1 - (-1 + 2) - (-91 - -93).
-2
What is 6 + (-3 - (1 + 6))?
-4
What is -2 + (-6 - 1 - -5)?
-4
Evaluate 12 - (13 - 11) - 9.
1
What is 3 + (1 - (-5 + 9))?
0
Calculate -12 + (13 - (0 - -5)).
-4
Evaluate (1 - (-4 + 9)) + 7.
3
What is 1 + 5 + -7 - 1?
-2
What is -6 + -3 + 4 + 4?
-1
Evaluate 0 - 1 - (1 + -1 - -2).
-3
What is -3 + 7 - -11 - (-10 + 17)?
8
3 - (1 - 0) - (-7 - -12)
-3
Evaluate 5 + (3 + 3 - 10).
1
What is (-3 - (-6 + 6)) + 14 + -6?
5
What is the value of -3 + 8 + -9 + 12 + -8?
0
0 + 2 - -1 - 4 - -2
1
Evaluate 5 - (1 + -9 + 47 + -43).
9
What is -1 + (13 + -2 - 4 - 4)?
2
What is -3 - (4 + -5 + -4)?
2
What is -3 + 1 + -5 + 5?
-2
What is the value of (1 - 1) + (-3 - 0) + 0?
-3
What is 1 - (-11 + -1 + 15)?
-2
What is -6 + 4 + 2 + 0 + -3?
-3
(-3 - -4) + 1 + (0 - 1)
1
What is -4 + (-10 - -20) - (2 + 3)?
1
Evaluate -1 + 11 + -4 - 5.
1
What is the value of -2 - (2 - (2 - 3 - -2))?
-3
Evaluate -5 + (-16 - (-4 + -4) - -4).
-9
Calculate -1 - (-6 + (3 - -1)).
1
What is 0 + 4 - (-1 - -8)?
-3
What is the value of 2 + -3 + 1 + (0 - 1)?
-1
3 - (1 + (3 - 4) - 0)
3
Calculate 1 - (9 + -2 - 3).
-3
1 + 5 - (-6 - -7)
5
What is the value of 5 - (-2 + 11 + 0)?
-4
Calculate (-1 + -2 - -7) + -3.
1
5 - (-8 + (1 - -10))
2
Evaluate 7 - (15 + -10 - (-1 - -4)).
5
Calculate (-6 - -6) + (-5 - (0 - 1)).
-4
Evaluate 0 - (0 - (4 - 3) - -3).
-2
What is the value of 1 - 3 - (2 - 2 - 4)?
2
Evaluate 13 - (2 + -1 + 13).
-1
Calculate -2 + -2 + 6 + (-2 - 0).
0
Evaluate -2 + -5 + 1 + 3 + -2.
-5
Calculate -1 + 1 + 0 + 2 + -2.
0
What is 3 - (8 - 1) - -6?
2
What is (2 - (1 + -1)) + (-4 - -3)?
1
What is the value of -16 - -12 - (-3 - (-4 + 3))?
-2
-2 - -1 - -1 - (-9 - -7)
2
What is (0 - -7) + (-4 - (0 - 2))?
5
What is -2 - -2 - (-3 + 4)?
-1
What is the value of (13 - (20 + -10)) + -5 + 0?
-2
Calculate 2 + -1 - (-51 + 48) - 1.
3
(-4 - -13) + -1 - 15
-7
What is the value of -8 - -5 - -6 - 3?
0
Calculate -9 + 2 + 0 + 2.
-5
What is the value of 4 - (8 - (-1 - -2))?
-3
What is the value of 1 + (6 - (4 + -1))?
4
What is the value of 7 + -6 + (2 + 0 - 2)?
1
What is the value of 6 - (8 - 2) - -4?
4
Evaluate (-4 - -1) + (30 - 28).
-1
What is the value of -3 - 0 - (-57 - -59)?
-5
-3 + (3 - 5) + 4
-1
Calculate -18 - -16 - (-2 + (-1 - 1)).
2
Evaluate (-6 - 0) + (0 + -3 - -4).
-5
What is 13 + -41 + 14 - -5?
-9
Evaluate -1 + 3 + 9 + -16.
-5
What is the value of -1 + -3 - (4 - 4 - -1)?
-5
Calculate 1 - -5 - (-88 - -88).
6
What is 0 - (3 - (-1 - 0) - 1)?
-3
Calculate -5 + (0 + -5 - -7).
-3
What is -1 - (3 + -1 + (-1 - -4))?
-6
What is the value of 6 - (4 - (-3 + 1))?
0
Evaluate -2 - (0 - (5 + -1) - -3).
-1
Evaluate 0 + 4 - (6 + (-1 - 5)).
4
-4 + (0 - (2 + -5)) + 0
-1
Evaluate 12 + -5 + -3 - 14.
-10
What is the value of -1 + -4 + -1 + -2 + 3?
-5
Evaluate 6 - (-7 - -21 - 1).
-7
Calculate 19 + -9 - 13 - -10.
7
9 - (-8 - -11) - 2
4
What is the value of -49 + 40 - (2 - 15)?
4
What is the value of -7 - (0 + -1 + -5)?
-1
7 - (-4 + (4 - (-11 - -7)))
3
2 + -1 + (-5 + -2 - -7)
1
(-1 + 3 - -2) + -17 + 9
-4
(2 - 0) + (-31 - -26)
-3
(3 - -2) + -2 + -8
-5
What is 0 + 0 + (19 + -10 - 8)?
1
-4 + 5 - (1 + (3 - 2))
-1
Calculate (26 - 27) + (-1 - 3).
-5
Evaluate 5 + -4 + (-1 + 1 - 5).
-4
What is the value of -3 + (-2 + 0 - -2)?
-3
-4 + 4 + -5 - -4
-1
What is -1 + -2 + 2 + 3 + -5?
-3
What is the value of -1 + -2 - (-5 + (-3 - 0))?
5
Calculate 1 + (1 - 4 - 0).
-2
(-2 - (2 + 2) - -4) + 2
0
Evaluate -4 - (2 - 4 - -5).
-7
Calculate -7 - (-12 + (3 - 1)).
3
Calculate -5 + 5 + 7 + -4 + -4.
-1
3 - ((2 - 2) + -3 + 2)
4
What is the value of 2 + 0 - -4 - 10?
-4
What is the value of 16 - 3 - (-2 - (-17 + 9))?
7
What is 0 + -4 + (5 - 5) + 5?
1
Evaluate (10 - 7) + (-1 - (2 - 1)).
1
Calculate 1 + -4 - (0 - 1).
-2
What is 6 - (5 + -1) - (7 - 0)?
-5
3 - (5 + (4 - 2) + -3)
-1
What is 2 + 4 + -3 + -2?
1
Calculate (-2 - (3 + -10)) + -7.
-2
0 + (-2 - (-1 - -6))
-7
What is the value of (161 - 154) + (1 - 1)?
7
Calculate 1 + -2 + (1 - (-5 - -3)).
2
Evaluate -2 + -12 - (1 - 10).
-5
What is the value of -2 + 2 + -2 + 10 + -10?
-2
Calculate -5 - 0 - (-13 - -3 - -7).
-2
3 + 7 + (1 - 5)
6
Evaluate 3 - (-2 - -10 - 4).
-1
What is 4 + 0 + (-5 - (-1 + -3))?
3
Calculate (1 - (0 - 2)) + 5 + -5.
3
(1 - 1 - 1) + 50 + -46
3
8 + -14 + 4 + 0 + 2
0
Evaluate 2 + 1 + (-3 + 5 - 0).
5
Evaluate (-11 + 6 - 1) + 1 + 1.
-4
Evaluate 2 - (-5 + (6 - -4)).
-3
(-1 - (9 + -5)) + 0
-5
Evaluate -1 + 6 - -2 - 4.
3
(-2 - (1 - 1)) + (-16 - -13)
-5
What is 0 + -5 + 3 - -5?
3
Evaluate (-3 + 5 - -5) + -9.
-2
What is ((1 - 1) + 4 - 5) + 6?
5
What is 1 - (4 - (-1 - -3)) - 1?
-2
Evaluate 4 - (3 - (0 - 1)).
0
-6 + 1 + (21 - 13)
3
What is -9 - (4 - ((-4 - -18) + -5))?
-4
Evaluate -1 + (4 - (4 + 2)) - -7.
4
Evaluate -82 - -90 - (10 - 1).
-1
Evaluate 0 - (-8 + 5 - 0) - -1.
4
0 - (2 + 1 + -4)
1
Evaluate -2 + 5 + (-2 - (2 - 3)).
2
What is 8 + (5 - 8) + (-5 - -1)?
1
What is the value of (-1 - -3) + 3 + (3 - 6)?
2
Evaluate (20 - 41) + (14 - 1).
-8
What is -4 + 7 + (-5 - -1)?
-1
-12 - (-4 - -8 - 10)
-6
What is (1 - (7 + (1 - 4))) + 8?
5
1 + 7 + (1 - 5)
4
What is the value of -3 - -7 - 6 - -2?
0
Calculate (-5 - -13 - 10) + -3.
-5
What is the value of (3 - 7) + -6 + 0 + 3?
-7
Evaluate (-5 - (0 + -1)) + -1 + 0.
-5
Evaluate (-3 - -7) + (-1 + 0 - 1).
2
What is the value of (5 - 4) + 1 + -5 + -1?
-4
Evaluate 5 - -1 - (48 - 48).
6
What is the value of (-4 + 1 - 1) + (1 - -2)?
-1
(2 - 6) + 1 + 6
3
Evaluate -3 + (0 - (2 + -3)) - -2.
0
Evaluate 4 + -8 + (0 - -6).
2
((5 - 8) + 3 - -1) + 7
8
What is the value of -4 - (12 + 0 + -14)?
-2
Evaluate 0 - 9 - (-9 + 12 + -6).
-6
-3 + 4 + (1 - 6)
-4
(-2 - -8 - 12) + 6
0
What is 1 + -8 + 66 + -58?
1
Evaluate -5 + 3 + 9 + -1.
6
Evaluate (-2 - 0) + (19 - 12) + -5.
0
Calculate -1 + -4 + 9 - 0.
4
Evaluate 7 + (7 - 6) + -16.
-8
What is the value of 7 - (55 + -49 - (0 - -3))?
4
-3 + (6 + -5 - 3)
-5
Evaluate 3 - (-6 - (1 - 4)) - 5.
1
Evaluate (6 - 14 - -1 - 1) + 5.
-3
What is the value of 0 + -2 + (-6 - -10)?
2
What is the value of (7 - 0) + (-2 - -2)?
7
Calculate -12 - (5 - (9 + 9)).
1
8 + -4 - ((-5 - -1) + 11)
-3
(-5 - -2) + -7 - -5
-5
Evaluate -3 + 8 + (3 - 6).
2
2 + (-3 - -7 - 3) + -1
2
What is -5 + (-4 - (4 - 3))?
-10
What is -22 + 19 - (-4 - (-2 + 3))?
2
What is 18 - 10 - (12 - 2)?
-2
Calculate 7 - (-2 + -7 - -20).
-4
Calculate (-9 - -15) + 1 + -3.
4
What is the value of -2 - ((-6 - -9) + -3) - 2?
-4
(2 - 3) + (9 - 12) - -2
-2
(2 - -1) + 0 + 1 + -10
-6
Calculate (119 - 120) + (-1 - 0 - 3).
-5
What is 6 + 1 + -14 - (-2 - 3)?
-2
1 - (5 - (6 - -3))
5
2 + -4 + 5 + 0 - -2
5
Calculate 9 - (2 + 5 + -3 + 0).
5
(-12 + 3 - (1 + -3)) + -2
-9
-12 + 4 + (2 - 6) + 1
-11
What is the value of (72 - 68) + (-7 - 0)?
-3
Calculate 57 + -49 - (13 + -1).
-4
Calculate -1 + 1 + -1 - -6 - 2.
3
-1 - -1 - (1 + -5 + 9)
-5
Calculate -2 + (5 - (3 - 0)).
0
Calculate -3 + 7 + -3 + 5.
6
What is (1 - 1) + 1 - 3?
-2
What is -2 + -5 + 6 - 0?
-1
(-5 - -11